 when 80751 is divided by 56?
55
Calculate the remainder when 3195 is divided by 32.
27
What is the remainder when 1725 is divided by 417?
57
Calculate the remainder when 135131 is divided by 105.
101
What is the remainder when 132820 is divided by 282?
280
Calculate the remainder when 201771 is divided by 158.
5
Calculate the remainder when 465883 is divided by 6.
1
Calculate the remainder when 4198 is divided by 420.
418
What is the remainder when 6459 is divided by 383?
331
What is the remainder when 56760 is divided by 147?
18
Calculate the remainder when 2035 is divided by 187.
165
Calculate the remainder when 230103 is divided by 1354.
1277
What is the remainder when 39519 is divided by 3942?
99
What is the remainder when 2623 is divided by 629?
107
Calculate the remainder when 24075 is divided by 339.
6
What is the remainder when 2341 is divided by 63?
10
What is the remainder when 72767 is divided by 1086?
5
Calculate the remainder when 30742 is divided by 42.
40
What is the remainder when 1735 is divided by 80?
55
Calculate the remainder when 200239 is divided by 66746.
1
What is the remainder when 1273 is divided by 140?
13
What is the remainder when 387871 is divided by 193927?
17
What is the remainder when 40459 is divided by 13481?
16
What is the remainder when 26169 is divided by 5232?
9
Calculate the remainder when 158645 is divided by 1.
0
What is the remainder when 729 is divided by 38?
7
Calculate the remainder when 587 is divided by 406.
181
What is the remainder when 649 is divided by 188?
85
What is the remainder when 10675 is divided by 115?
95
What is the remainder when 60592 is divided by 379?
331
What is the remainder when 21737 is divided by 59?
25
Calculate the remainder when 307947 is divided by 1294.
1269
What is the remainder when 12412 is divided by 6182?
48
What is the remainder when 563 is divided by 274?
15
What is the remainder when 5043 is divided by 44?
27
Calculate the remainder when 1317 is divided by 62.
15
Calculate the remainder when 347889 is divided by 1922.
7
Calculate the remainder when 47696 is divided by 3177.
41
Calculate the remainder when 10276 is divided by 5137.
2
What is the remainder when 4685 is divided by 3?
2
What is the remainder when 40063 is divided by 262?
239
What is the remainder when 37474 is divided by 172?
150
What is the remainder when 6483216 is divided by 51?
45
Calculate the remainder when 119759 is divided by 145.
134
What is the remainder when 21319 is divided by 92?
67
Calculate the remainder when 71943 is divided by 48.
39
What is the remainder when 982 is divided by 3?
1
Calculate the remainder when 2726 is divided by 227.
2
Calculate the remainder when 27757 is divided by 441.
415
Calculate the remainder when 112261 is divided by 462.
457
What is the remainder when 179764 is divided by 190?
24
What is the remainder when 371327 is divided by 29?
11
What is the remainder when 2995 is divided by 193?
100
Calculate the remainder when 66218 is divided by 69.
47
What is the remainder when 3821 is divided by 496?
349
What is the remainder when 143677 is divided by 3?
1
Calculate the remainder when 12896 is divided by 198.
26
What is the remainder when 2847 is divided by 713?
708
Calculate the remainder when 69108 is divided by 34541.
26
What is the remainder when 38823 is divided by 13?
5
What is the remainder when 58369 is divided by 19426?
91
Calculate the remainder when 15076 is divided by 560.
516
Calculate the remainder when 81447 is divided by 744.
351
Calculate the remainder when 60438 is divided by 15108.
6
What is the remainder when 29849 is divided by 29838?
11
Calculate the remainder when 29800 is divided by 122.
32
Calculate the remainder when 29531 is divided by 953.
941
What is the remainder when 16360 is divided by 25?
10
What is the remainder when 3937 is divided by 230?
27
What is the remainder when 154534 is divided by 231?
226
What is the remainder when 52271 is divided by 51?
47
Calculate the remainder when 522374 is divided by 136.
134
Calculate the remainder when 6433 is divided by 309.
253
Calculate the remainder when 249196 is divided by 44.
24
Calculate the remainder when 12858 is divided by 25.
8
Calculate the remainder when 41267 is divided by 181.
180
Calculate the remainder when 1691 is divided by 105.
11
What is the remainder when 6463 is divided by 331?
174
What is the remainder when 28058 is divided by 17?
8
What is the remainder when 10022 is divided by 358?
356
What is the remainder when 2158 is divided by 1154?
1004
Calculate the remainder when 463699 is divided by 4.
3
What is the remainder when 10798 is divided by 415?
8
What is the remainder when 61918 is divided by 65?
38
What is the remainder when 172 is divided by 22?
18
Calculate the remainder when 86047 is divided by 28668.
43
Calculate the remainder when 4986 is divided by 20.
6
What is the remainder when 10297 is divided by 103?
100
Calculate the remainder when 666 is divided by 552.
114
Calculate the remainder when 26998 is divided by 8.
6
Calculate the remainder when 3790 is divided by 562.
418
What is the remainder when 17203 is divided by 27?
4
Calculate the remainder when 1892 is divided by 71.
46
Calculate the remainder when 50314 is divided by 524.
10
What is the remainder when 21469 is divided by 467?
454
Calculate the remainder when 4582 is divided by 4542.
40
Calculate the remainder when 10433578 is divided by 1020.
1018
Calculate the remainder when 38349 is divided by 25.
24
What is the remainder when 9576 is divided by 155?
121
What is the remainder when 385664 is divided by 54?
50
What is the remainder when 173469 is divided by 2478?
9
Calculate the remainder when 81252 is divided by 193.
192
What is the remainder when 3656 is divided by 529?
482
What is the remainder when 205 is divided by 170?
35
Calculate the remainder when 343282 is divided by 57213.
4
What is the remainder when 609 is divided by 591?
18
What is the remainder when 2268 is divided by 205?
13
What is the remainder when 1406 is divided by 1208?
198
Calculate the remainder when 50944 is divided by 29.
20
Calculate the remainder when 358223 is divided by 204.
203
Calculate the remainder when 10124 is divided by 50.
24
What is the remainder when 69805 is divided by 4653?
10
What is the remainder when 8494 is divided by 171?
115
What is the remainder when 46500 is divided by 827?
188
What is the remainder when 3254 is divided by 1035?
149
Calculate the remainder when 2443 is divided by 189.
175
What is the remainder when 1925 is divided by 137?
7
What is the remainder when 25326 is divided by 84?
42
What is the remainder when 12705 is divided by 2046?
429
Calculate the remainder when 113 is divided by 52.
9
What is the remainder when 1556 is divided by 236?
140
What is the remainder when 4983 is divided by 4868?
115
What is the remainder when 23765 is divided by 1034?
1017
What is the remainder when 2397 is divided by 28?
17
Calculate the remainder when 26596 is divided by 20.
16
Calculate the remainder when 29705 is divided by 48.
41
What is the remainder when 2623 is divided by 2083?
540
What is the remainder when 10788 is divided by 5390?
8
What is the remainder when 36966 is divided by 972?
30
What is the remainder when 444535 is divided by 181?
180
What is the remainder when 131 is divided by 120?
11
Calculate the remainder when 3754 is divided by 493.
303
What is the remainder when 108290 is divided by 154?
28
Calculate the remainder when 1487 is divided by 63.
38
What is the remainder when 14053 is divided by 180?
13
What is the remainder when 2965 is divided by 728?
53
What is the remainder when 79029 is divided by 74?
71
Calculate the remainder when 261876 is divided by 3.
0
Calculate the remainder when 37262 is divided by 46.
2
Calculate the remainder when 1760 is divided by 593.
574
What is the remainder when 1388 is divided by 429?
101
What is the remainder when 1650 is divided by 726?
198
Calculate the remainder when 78892 is divided by 3944.
12
What is the remainder when 426007 is divided by 188?
187
Calculate the remainder when 1513126 is divided by 151312.
6
What is the remainder when 154031 is divided by 315?
311
Calculate the remainder when 206794 is divided by 1695.
4
Calculate th